{"id":29,"date":"2015-08-15T10:54:10","date_gmt":"2015-08-15T10:54:10","guid":{"rendered":"http:\/\/freimueller.ch\/wordpress\/?page_id=29"},"modified":"2024-01-29T20:59:40","modified_gmt":"2024-01-29T20:59:40","slug":"kontakt","status":"publish","type":"page","link":"https:\/\/freimueller.ch\/?page_id=29","title":{"rendered":"KONTAKT"},"content":{"rendered":"<p>Marcel Freim\u00fcller<br \/>\nim Morgen 2<br \/>\nCH-8457 Humlikon<\/p>\n<p>Tel. Nr. +41 (0)52 317 33 91<br \/>\nFax.Nr. +41 (0)52 317 30 98<br \/>\nHandy Nr. +41 (0)79 482 57 61\u202c<br \/>\nE-Mail: marcel[at]freimueller[dot]ch<\/p>\n<p><a href=\"https:\/\/www.google.ch\/maps?f=q&amp;source=embed&amp;hl=de&amp;geocode&amp;q=im+morgen,+humlikon&amp;aq&amp;sll=46.362093,9.036255&amp;sspn=5.617833,14.227295&amp;ie=UTF8&amp;hq&amp;hnear=Im+Morgen,+8457+Humlikon,+Andelfingen,+Z%C3%BCrich&amp;z=14&amp;ll=47.574473,8.67075\" target=\"_blank\" rel=\"noopener\">Anfahrtsplan<\/a><\/p>\n<p><strong>Anfahrt von Winterthur:<\/strong><\/p>\n<p>Autobahn-Ausfahrt Henggart, nach Ausfahrt links abbiegen,\u00fcber die Br\u00fccke und anschliessend halb rechts weiterfahren und links abbiegen und dem Verlauf der Autobahn folgen. Bei der n\u00e4chsten M\u00f6glichkeit (ca. 300 m vor dem Restaurant zur Kreuzstrasse) links abbiegen. Sie passieren eine Unterf\u00fchrung, anschliessend dem Strassenverlauf folgen. Bei der n\u00e4chsten Kreuzung gerade aus weiter. Nach 600 m rechts haben Sie das Ziel erreicht.<\/p>\n<p><strong>Anfahrt von Schaffhausen:<\/strong><\/p>\n<p>ca. 1 km nach der grossen Weinlandbr\u00fccke bei der Weinland-Tankstelle (BP) Autobahn verlassen (Ausfahrt Henggart. Dem Autobahnverlauf folgen. Ca. 300 m nach dem Restaurant zur Kreuzstrasse rechts abbiegen. Sie passieren eine Unterf\u00fchrung, anschliessend dem Strassenverlauf folgen. Bei der n\u00e4chsten Kreuzung gerade aus. Nach 600 m rechts haben Sie das Ziel erreicht.<\/p>\n","protected":false},"excerpt":{"rendered":"<p>Marcel Freim\u00fcller im Morgen 2 CH-8457 Humlikon Tel. Nr. +41 (0)52 317 33 91 Fax.Nr. +41 (0)52 317 30 98 Handy Nr. +41 (0)79 482 57 61\u202c E-Mail: marcel[at]freimueller[dot]ch Anfahrtsplan Anfahrt von Winterthur: Autobahn-Ausfahrt Henggart, nach Ausfahrt links abbiegen,\u00fcber die Br\u00fccke und anschliessend halb rechts weiterfahren und links abbiegen und dem Verlauf der Autobahn folgen. [&hellip;]<\/p>\n","protected":false},"author":1,"featured_media":0,"parent":0,"menu_order":4,"comment_status":"closed","ping_status":"closed","template":"","meta":{"footnotes":""},"class_list":["post-29","page","type-page","status-publish","hentry"],"_links":{"self":[{"href":"https:\/\/freimueller.ch\/index.php?rest_route=\/wp\/v2\/pages\/29","targetHints":{"allow":["GET"]}}],"collection":[{"href":"https:\/\/freimueller.ch\/index.php?rest_route=\/wp\/v2\/pages"}],"about":[{"href":"https:\/\/freimueller.ch\/index.php?rest_route=\/wp\/v2\/types\/page"}],"author":[{"embeddable":true,"href":"https:\/\/freimueller.ch\/index.php?rest_route=\/wp\/v2\/users\/1"}],"replies":[{"embeddable":true,"href":"https:\/\/freimueller.ch\/index.php?rest_route=%2Fwp%2Fv2%2Fcomments&post=29"}],"version-history":[{"count":3,"href":"https:\/\/freimueller.ch\/index.php?rest_route=\/wp\/v2\/pages\/29\/revisions"}],"predecessor-version":[{"id":149,"href":"https:\/\/freimueller.ch\/index.php?rest_route=\/wp\/v2\/pages\/29\/revisions\/149"}],"wp:attachment":[{"href":"https:\/\/freimueller.ch\/index.php?rest_route=%2Fwp%2Fv2%2Fmedia&parent=29"}],"curies":[{"name":"wp","href":"https:\/\/api.w.org\/{rel}","templated":true}]}}